{"id":27,"date":"2023-07-27T14:27:46","date_gmt":"2023-07-27T12:27:46","guid":{"rendered":"http:\/\/welesrachunkowosc.pl\/?page_id=27"},"modified":"2023-10-23T13:25:31","modified_gmt":"2023-10-23T11:25:31","slug":"szczegoly-projektu","status":"publish","type":"page","link":"https:\/\/welesrachunkowosc.pl\/index.php\/szczegoly-projektu\/","title":{"rendered":"Cennik"},"content":{"rendered":"\n<div class=\"wp-block-cover alignfull\" style=\"min-height:320px;aspect-ratio:unset;\"><span aria-hidden=\"true\" class=\"wp-block-cover__background has-nv-site-bg-background-color has-background-dim-100 has-background-dim\"><\/span><div class=\"wp-block-cover__inner-container is-layout-flow wp-block-cover-is-layout-flow\">\n<div class=\"wp-block-group\"><div class=\"wp-block-group__inner-container is-layout-flow wp-block-group-is-layout-flow\">\n<div class=\"wp-block-columns are-vertically-aligned-center is-layout-flex wp-container-core-columns-is-layout-9d6595d7 wp-block-columns-is-layout-flex\">\n<div class=\"wp-block-column is-vertically-aligned-center is-layout-flow wp-block-column-is-layout-flow\" style=\"flex-basis:100%\">\n<h1 class=\"wp-block-heading has-text-align-left has-neve-text-color-color has-text-color\">Cennik<\/h1>\n\n\n\n<p class=\"has-neve-text-color-color has-text-color\" style=\"font-size:22px\">Cennik zawiera wyj\u015bciowe ceny, ostateczna stawka ustalana jest indywidualnie i zale\u017cy od poziomu skomplikowania rozlicze\u0144. <strong>Wszystkie ceny s\u0105 cenami netto<\/strong>. <\/p>\n<\/div>\n<\/div>\n<\/div><\/div>\n<\/div><\/div>\n\n\n\n<div class=\"wp-block-cover alignfull\" style=\"min-height:600px;aspect-ratio:unset;\"><span aria-hidden=\"true\" class=\"wp-block-cover__background has-nv-light-bg-background-color has-background-dim-100 has-background-dim\"><\/span><div class=\"wp-block-cover__inner-container is-layout-flow wp-block-cover-is-layout-flow\">\n<div class=\"wp-block-group\"><div class=\"wp-block-group__inner-container is-layout-flow wp-block-group-is-layout-flow\">\n<div style=\"height:80px\" aria-hidden=\"true\" class=\"wp-block-spacer\"><\/div>\n\n\n\n<div class=\"wp-block-columns is-layout-flex wp-container-core-columns-is-layout-9d6595d7 wp-block-columns-is-layout-flex\">\n<div class=\"wp-block-column is-layout-flow wp-block-column-is-layout-flow\" style=\"flex-basis:66.79%\">\n<figure class=\"wp-block-image size-large\"><img loading=\"lazy\" decoding=\"async\" width=\"683\" height=\"1024\" src=\"http:\/\/welesrachunkowosc.pl\/wp-content\/uploads\/2023\/08\/pexels-karolina-grabowska-7680746-683x1024.jpg\" alt=\"\" class=\"wp-image-144\" srcset=\"https:\/\/welesrachunkowosc.pl\/wp-content\/uploads\/2023\/08\/pexels-karolina-grabowska-7680746-683x1024.jpg 683w, https:\/\/welesrachunkowosc.pl\/wp-content\/uploads\/2023\/08\/pexels-karolina-grabowska-7680746-200x300.jpg 200w, https:\/\/welesrachunkowosc.pl\/wp-content\/uploads\/2023\/08\/pexels-karolina-grabowska-7680746-768x1152.jpg 768w, https:\/\/welesrachunkowosc.pl\/wp-content\/uploads\/2023\/08\/pexels-karolina-grabowska-7680746-1024x1536.jpg 1024w, https:\/\/welesrachunkowosc.pl\/wp-content\/uploads\/2023\/08\/pexels-karolina-grabowska-7680746-1365x2048.jpg 1365w, https:\/\/welesrachunkowosc.pl\/wp-content\/uploads\/2023\/08\/pexels-karolina-grabowska-7680746-scaled.jpg 1707w\" sizes=\"auto, (max-width: 683px) 100vw, 683px\" \/><\/figure>\n\n\n\n<div style=\"height:40px\" aria-hidden=\"true\" class=\"wp-block-spacer\"><\/div>\n<\/div>\n\n\n\n<div class=\"wp-block-column is-layout-flow wp-block-column-is-layout-flow\" style=\"flex-basis:34%\">\n<figure class=\"wp-block-table is-style-regular\"><table class=\"has-neve-text-color-color has-text-color\"><tbody><tr><td><strong>Rycza\u0142t ewidencjonowany<\/strong><\/td><td><\/td><\/tr><tr><td>bez rejestru VAT<\/td><td>od 225 z\u0142<\/td><\/tr><tr><td>z rejestrem VAT<\/td><td>od 260 z\u0142<\/td><\/tr><\/tbody><\/table><\/figure>\n\n\n\n<hr class=\"wp-block-separator has-css-opacity has-text-color has-neve-text-color-color has-neve-text-color-background-color has-background is-style-default\"\/>\n\n\n\n<figure class=\"wp-block-table\"><table class=\"has-neve-text-color-color has-text-color\"><tbody><tr><td><strong>Ksi\u0119ga przychod\u00f3w i rozchod\u00f3w<\/strong><\/td><td><\/td><\/tr><tr><td>bez rejestru VAT<\/td><td>od 270 z\u0142<\/td><\/tr><tr><td>z rejestrem VAT<\/td><td>od 290 z\u0142<\/td><\/tr><\/tbody><\/table><\/figure>\n\n\n\n<hr class=\"wp-block-separator has-css-opacity has-text-color has-neve-text-color-color has-neve-text-color-background-color has-background is-style-default\"\/>\n\n\n\n<figure class=\"wp-block-table\"><table class=\"has-neve-text-color-color has-text-color\"><tbody><tr><td><strong>Pe\u0142na ksi\u0119gowo\u015b\u0107<\/strong><\/td><td><\/td><\/tr><tr><td>w zale\u017cno\u015bci od ilo\u015bci dokument\u00f3w kosztowych i przychodowych<\/td><td>od 720 z\u0142<\/td><\/tr><\/tbody><\/table><\/figure>\n\n\n\n<hr class=\"wp-block-separator has-css-opacity has-text-color has-neve-text-color-color has-neve-text-color-background-color has-background is-style-default\"\/>\n\n\n\n<figure class=\"wp-block-table\"><table class=\"has-neve-text-color-color has-text-color\"><tbody><tr><td><strong>Kadry<\/strong><\/td><td><\/td><\/tr><tr><td>umowy cywilnoprawne <\/td><td>od 40 z\u0142<\/td><\/tr><tr><td> umowy o prac\u0119<\/td><td>od 60 z\u0142<\/td><\/tr><\/tbody><\/table><\/figure>\n\n\n\n<div style=\"height:24px\" aria-hidden=\"true\" class=\"wp-block-spacer\"><\/div>\n<\/div>\n<\/div>\n\n\n\n<div style=\"height:40px\" aria-hidden=\"true\" class=\"wp-block-spacer\"><\/div>\n<\/div><\/div>\n<\/div><\/div>\n\n\n\n<div class=\"wp-block-cover alignfull\" style=\"min-height:600px;aspect-ratio:unset;\"><span aria-hidden=\"true\" class=\"wp-block-cover__background has-nv-site-bg-background-color has-background-dim-100 has-background-dim\"><\/span><div class=\"wp-block-cover__inner-container is-layout-flow wp-block-cover-is-layout-flow\">\n<div class=\"wp-block-group\"><div class=\"wp-block-group__inner-container is-layout-flow wp-block-group-is-layout-flow\">\n<div style=\"height:80px\" aria-hidden=\"true\" class=\"wp-block-spacer\"><\/div>\n\n\n\n<h2 class=\"wp-block-heading has-neve-text-color-color has-text-color\">Pozosta\u0142e us\u0142ugi<\/h2>\n\n\n\n<div style=\"height:20px\" aria-hidden=\"true\" class=\"wp-block-spacer\"><\/div>\n\n\n\n<p class=\"has-neve-text-color-color has-text-color\">Koszty ustalamy indywidualnie w zale\u017cno\u015bci od zakresu prac.<\/p>\n\n\n\n<div style=\"height:40px\" aria-hidden=\"true\" class=\"wp-block-spacer\"><\/div>\n\n\n\n<figure class=\"wp-block-table\"><table class=\"has-neve-text-color-color has-text-color\"><tbody><tr><td>Konsultacje ksi\u0119gowe<\/td><td>Przygotowanie dokumentacji do US<\/td><\/tr><tr><td>Przygotowanie dokumentacji do ZUS<\/td><td>Przygotowanie dokument\u00f3w do GUS<\/td><\/tr><tr><td>Wystawianie faktur w imieniu klienta<\/td><td>Rozliczenie PIT<\/td><\/tr><\/tbody><\/table><\/figure>\n<\/div><\/div>\n<\/div><\/div>\n\n\n\n<div class=\"wp-block-cover alignfull\" style=\"min-height:300px;aspect-ratio:unset;\"><span aria-hidden=\"true\" class=\"wp-block-cover__background has-nv-dark-bg-background-color has-background-dim-100 has-background-dim\"><\/span><div class=\"wp-block-cover__inner-container is-layout-flow wp-block-cover-is-layout-flow\">\n<div style=\"height:140px\" aria-hidden=\"true\" class=\"wp-block-spacer\"><\/div>\n\n\n\n<h2 class=\"wp-block-heading has-text-align-center has-nv-text-dark-bg-color has-text-color\">Porozmawiajmy o wsp\u00f3\u0142pracy<\/h2>\n\n\n\n<p class=\"has-text-align-center has-medium-font-size\">biuro@welesrachunkowosc.pl<\/p>\n\n\n\n<p class=\"has-text-align-center\">881 605 167<\/p>\n\n\n\n<div class=\"wp-block-buttons is-content-justification-center is-layout-flex wp-container-core-buttons-is-layout-16018d1d wp-block-buttons-is-layout-flex\">\n<div class=\"wp-block-button is-style-primary\"><a class=\"wp-block-button__link has-luminous-dusk-gradient-background has-background wp-element-button\" href=\"http:\/\/welesrachunkowosc.pl\/index.php\/contact\/\">Kontakt<\/a><\/div>\n<\/div>\n\n\n\n<div style=\"height:140px\" aria-hidden=\"true\" class=\"wp-block-spacer\"><\/div>\n<\/div><\/div>\n","protected":false},"excerpt":{"rendered":"","protected":false},"author":2,"featured_media":0,"parent":0,"menu_order":0,"comment_status":"closed","ping_status":"closed","template":"","meta":{"neve_meta_sidebar":"","neve_meta_container":"","neve_meta_enable_content_width":"on","neve_meta_content_width":100,"neve_meta_title_alignment":"","neve_meta_author_avatar":"","neve_post_elements_order":"","neve_meta_disable_header":"","neve_meta_disable_footer":"","neve_meta_disable_title":"on","footnotes":""},"class_list":["post-27","page","type-page","status-publish","hentry"],"_links":{"self":[{"href":"https:\/\/welesrachunkowosc.pl\/index.php\/wp-json\/wp\/v2\/pages\/27","targetHints":{"allow":["GET"]}}],"collection":[{"href":"https:\/\/welesrachunkowosc.pl\/index.php\/wp-json\/wp\/v2\/pages"}],"about":[{"href":"https:\/\/welesrachunkowosc.pl\/index.php\/wp-json\/wp\/v2\/types\/page"}],"author":[{"embeddable":true,"href":"https:\/\/welesrachunkowosc.pl\/index.php\/wp-json\/wp\/v2\/users\/2"}],"replies":[{"embeddable":true,"href":"https:\/\/welesrachunkowosc.pl\/index.php\/wp-json\/wp\/v2\/comments?post=27"}],"version-history":[{"count":9,"href":"https:\/\/welesrachunkowosc.pl\/index.php\/wp-json\/wp\/v2\/pages\/27\/revisions"}],"predecessor-version":[{"id":157,"href":"https:\/\/welesrachunkowosc.pl\/index.php\/wp-json\/wp\/v2\/pages\/27\/revisions\/157"}],"wp:attachment":[{"href":"https:\/\/welesrachunkowosc.pl\/index.php\/wp-json\/wp\/v2\/media?parent=27"}],"curies":[{"name":"wp","href":"https:\/\/api.w.org\/{rel}","templated":true}]}}